 is add (base 14) in base 2?
100001101011
580 (base 12) to base 3
1010020
What is 672 (base 15) in base 11?
1105
Convert -10462 (base 10) to base 13.
-49ba
Convert -14054 (base 7) to base 11.
-2956
What is 270 (base 11) in base 14?
18b
-753b (base 14) to base 15
-5ee6
What is 26b5 (base 12) in base 5?
120312
Convert 37b2 (base 14) to base 3.
111101111
What is -4621 (base 13) in base 16?
-2665
What is 61343 (base 7) in base 15?
4652
What is 3712 (base 12) in base 2?
1100000111110
1333 (base 6) to base 13
207
-34453 (base 6) to base 9
-6676
What is 188 (base 10) in base 16?
bc
What is -970e (base 15) in base 3?
-1121211212
What is 501 (base 9) in base 13?
253
-3361 (base 8) to base 16
-6f1
-35864 (base 9) to base 7
-130033
What is -520 (base 12) in base 13?
-453
What is -12313 (base 6) in base 15?
-830
What is -170e (base 16) in base 8?
-13416
Convert 328 (base 14) to base 6.
2520
Convert -1698 (base 10) to base 5.
-23243
-11242 (base 5) to base 10
-822
19518 (base 12) to base 15
ae88
Convert -a3 (base 14) to base 10.
-143
What is 43d (base 15) in base 9?
1274
10111010001 (base 2) to base 3
2001011
-1841 (base 15) to base 4
-1101310
39b2 (base 13) to base 12
4941
421440 (base 5) to base 13
64a7
What is 11010111010 (base 2) in base 6?
11550
What is -1272 (base 8) in base 2?
-1010111010
11010110100001 (base 2) to base 9
20744
52665 (base 9) to base 11
24174
Convert 123 (base 6) to base 8.
63
Convert -1326 (base 8) to base 6.
-3210
What is 2888 (base 12) in base 9?
6415
What is -8a80 (base 13) in base 4?
-10232222
What is -201011 (base 3) in base 10?
-517
-1054340 (base 6) to base 16
-d374
2102100 (base 3) to base 7
5100
1aa0 (base 13) to base 12
23a9
2356 (base 10) to base 4
210310
What is -321211 (base 4) in base 2?
-111001100101
Convert 1026 (base 10) to base 13.
60c
5a42 (base 15) to base 13
896c
What is -68aa (base 12) in base 5?
-333100
Convert 1010110011 (base 2) to base 3.
221121
What is 2110121 (base 4) in base 8?
22431
30220 (base 4) to base 11
675
Convert 196 (base 12) to base 14.
146
Convert 23b9 (base 12) to base 4.
332331
What is -76 (base 11) in base 8?
-123
101110111000 (base 2) to base 15
d50
Convert -101231 (base 6) to base 7.
-32365
Convert -1010001000100110 (base 2) to base 11.
-29207
-131224 (base 5) to base 6
-40005
What is 10414 (base 11) in base 5?
441030
Convert 46435 (base 7) to base 8.
27154
-1430121 (base 5) to base 6
-351020
What is -100022 (base 3) in base 2?
-11111011
Convert -b63 (base 13) to base 14.
-9c8
-101112 (base 3) to base 8
-434
What is -a4fa (base 16) in base 10?
-42234
What is 2820 (base 10) in base 5?
42240
Convert -765 (base 16) to base 4.
-131211
Convert 5199 (base 15) to base 6.
211500
What is -1012121 (base 3) in base 7?
-2365
Convert 58b7 (base 14) to base 9.
23165
Convert 101000001010111 (base 2) to base 10.
20567
522 (base 8) to base 13
200
What is 4201 (base 8) in base 3?
2222122
What is -11578 (base 9) in base 11?
-5920
Convert -110001000110001 (base 2) to base 12.
-12669
What is -377 (base 8) in base 5?
-2010
What is 100001111011101 (base 2) in base 16?
43dd
Convert 599 (base 14) to base 2.
10001011011
Convert 4440 (base 9) to base 14.
12a0
-2544 (base 7) to base 12
-683
Convert 795 (base 10) to base 2.
1100011011
1101001 (base 2) to base 16
69
What is -20013 (base 8) in base 13?
-3970
What is 10001000000001101 (base 2) in base 14?
1b549
What is -110001100101 (base 2) in base 14?
-1229
Convert -101110110001 (base 2) to base 5.
-43433
What is 4a00 (base 11) in base 2?
1100110000110
-26b (base 13) to base 8
-653
-578 (base 10) to base 11
-486
Convert -388a (base 11) to base 8.
-11703
What is -132321 (base 4) in base 13?
-b91
Convert 222111 (base 3) to base 16.
2cb
Convert 6a4 (base 15) to base 9.
2051
Convert 1220211 (base 3) to base 8.
2567
What is 10010100010101000 (base 2) in base 4?
102202220
What is -5fe (base 16) in base 10?
-1534
What is 8792 (base 16) in base 6?
424402
Convert -c7 (base 13) to base 14.
-b9
What is -1195 (base 10) in base 13?
-70c
11032311 (base 4) to base 7
116322
10110101101101 (base 2) to base 11
8812
What is -25620 (base 8) in base 12?
-6554
Convert 4d4 (base 15) to base 12.
777
What is 100001000000000 (base 2) in base 11?
11770
What is 2b0 (base 15) in base 6?
2503
22146 (base 7) to base 15
19b6
Convert -193 (base 16) to base 8.
-623
What is -26a74 (base 11) in base 13?
-14721
Convert 1499 (base 10) to base 16.
5db
Convert 5a (base 14) to base 6.
212
What is -12041 (base 5) in base 7?
-2420
43a (base 13) to base 8
1325
-15245 (base 6) to base 15
-b02
Convert 3ac (base 16) to base 13.
574
131541 (base 6) to base 7
50143
What is -33660 (base 9) in base 3?
-1010202000
What is 11321 (base 6) in base 7?
4522
What is -1322 (base 5) in base 2?
-11010100
67744 (base 8) to base 6
340340
What is -3120 (base 4) in base 3?
-22000
Convert 14031 (base 14) to base 10.
49435
What is 41122 (base 7) in base 8?
23434
1120111 (base 3) to base 12
7b7
-16bdd (base 14) to base 9
-86450
Convert -841 (base 11) to base 3.
-1101112
Convert 242b (base 13) to base 6.
35351
Convert 12554 (base 6) to base 13.
b65
Convert -321b (base 15) to base 14.
-3c13
20203 (base 4) to base 15
267
What is -3a10 (base 15) in base 10?
-12390
What is 76 (base 13) in base 15?
67
Convert 2410233 (base 5) to base 4.
22312123
27653 (base 10) to base 5
1341103
1012000 (base 3) to base 4
31200
What is -32a6 (base 16) in base 6?
-140010
What is -62666 (base 8) in base 12?
-1309a
-153b (base 13) to base 5
-44332
12 (base 8) to base 5
20
476 (base 8) to base 7
633
-580 (base 9) to base 8
-735
What is 7499 (base 12) in base 10?
12789
Convert -58c8 (base 16) to base 2.
-101100011001000
4245 (base 6) to base 5
12330
Convert -67c (base 13) to base 8.
-2135
Convert c5a (base 16) to base 15.
e0c
-13340 (base 7) to base 8
-7025
What is 1652 (base 7) in base 4?
22202
Convert 13552 (base 7) to base 12.
2194
133302 (base 5) to base 15
1937
-d6 (base 15) to base 2
-11001001
What is 2212101 (base 3) in base 5?
31324
What is -12130031 (base 4) in base 15?
-7c3b
-60 (base 12) to base 14
-52
44216 (base 11) to base 2
1111101010010011
What is -1765 (base 8) in base 6?
-4405
What is -418d (base 16) in base 15?
-4e8b
1ba6 (base 13) to base 11
3171
What is -100010011 (base 2) in base 8?
-423
What is -18d7 (base 15) in base 8?
-12401
What is 13c50 (base 13) in base 4?
21011331
What is 3052 (base 9) in base 6?
14202
What is 1a98 (base 13) in base 2?
111110101100
-1930 (base 13) to base 5
-110012
Convert -1011120 (base 3) to base 7.
-2325
Convert -3108 (base 10) to base 8.
-6044
What is 1327 (base 8) in base 6?
3211
What is -236d (base 15) in base 8?
-16550
2d6 (base 16) to base 6
3210
-104041 (base 5) to base 6
-24514
What is 1192 (base 14) in base 15?
d98
-2022310 (base 4) to base 10
-8884
What is -124376 (base 8) in base 9?
-65308
Convert -1003002 (base 4) to base 2.
-1000011000010
Convert 113200 (base 4) to base 3.
2001201
-6805 (base 10) to base 13
-3136
-1333 (base 7) to base 3
-201001
Convert 8243 (base 15) to base 9.
41660
-1ca0 (base 16) to base 14
-2956
-2510 (base 9) to base 8
-3520
Convert -323332 (base 4) to base 9.
-5234
70e (base 16) to base 14
930
13211020 (base 4) to base 3
1120120221
Convert 10030000 (base 4) to base 14.
6372
What is -20664 (base 10) in base 2?
-101000010111000
101112 (base 3) to base 11
239
-1215 (base 8) to base 14
-349
What is 2463 (base 7) in base 14?
4a3
Convert 22 (base 3) to base 2.
1000
What is 111101111101001 (base 2) in base 7?
161324
What is 3124114 (base 5) in base 15?
10524
-7a (base 11) to base 15
-5c
114001 (base 6) to base 13
46a5
13321 (base 4) to base 7
1321
-142003 (base 5) to base 16
-16f6
What is 61a (base 11) in base 8?
1353
a2c (base 15) to base 7
6453
What is -110001000000011 (base 2) in base 16?
-6203
-6416 (base 7) to base 11
-1781
Convert 3405 (base 10) to base 3.
11200010
134124 (base 6) to base 12
7344
100111001100011 (base 2) to base 7
112335
-11446 (base 7) to base 5
-43344
Convert -3330 (base 4) to base 16.
-fc
Convert -117 (base 8) to base 6.
-211
-4177 (base 9) to base 2
-101111111011
Convert 1011100010111 (base 2) to base 4.
1130113
What is 1bc (base 16) in base 13?
282
9069 (base 11) to base 5
341204
-c95 (base 14) to base 4
-212303
What is 6ba (base 16) in base 11?
1326
